 divisor of u and q?
6
Let m = 66 - 50. Calculate the greatest common factor of 4 and m.
4
Let g be -3 - (0 - 9/1). Suppose 5*r + g = 16. Suppose 0 = 4*c - r*i - 244, -c - 4*i - 53 + 132 = 0. What is the greatest common factor of 7 and c?
7
Let y = 13 + -7. Calculate the greatest common factor of 36 and y.
6
Let m be (-64)/10 + (-2)/(-5). Let u = -8 - m. Let p be (u/(-4))/((-1)/(-242)). Calculate the highest common divisor of 11 and p.
11
Let x be 22 + ((-3)/12 - 1/(-4)). What is the highest common factor of x and 99?
11
Let h be (-15)/(-4) + (-3)/(-12). Calculate the greatest common divisor of h and 44.
4
Let y(p) = 14*p - 5. Let o be y(9). Calculate the greatest common divisor of o and 11.
11
Let i = -121 - -241. Calculate the highest common factor of i and 48.
24
Suppose -150 = -3*n + 147. What is the highest common divisor of 11 and n?
11
Let h(i) = -13*i - 5. Let t be h(-8). Let g be (-6)/9 + 29/3. What is the highest common factor of t and g?
9
Suppose -4*z - 154 = -2*d, -296 = -4*d - 0*d - 4*z. Let j be (d/10)/(9/48). What is the highest common factor of 16 and j?
8
Let k = 38 + -11. Let w = 72 - k. Suppose 2*y + 72 = 6*y. What is the greatest common divisor of w and y?
9
Let n = -9 + 23. Let p be -5*((-23)/5 - 1). Calculate the highest common divisor of n and p.
14
Let n(b) = 2*b**2 + 12*b - 12. Let s be n(-7). Calculate the greatest common factor of s and 2.
2
Let t be 1*1*30/3. Suppose -o = -3*o + t. Suppose -o*i + 0*i = -95. Calculate the greatest common divisor of i and 95.
19
Suppose -5*h = -4*z + 9, -21 = -5*z - 0*h + 3*h. Calculate the greatest common factor of z and 54.
6
Let o(f) = 32*f**2 - 3*f - 2. Let u be o(-2). What is the greatest common factor of u and 12?
12
Let v(y) = 3*y**2 - y - 1. Let i be v(-1). Suppose -i*n + 35 = 2*n. Suppose 0 = -x - 0*x + t + 5, -6 = -3*t. Calculate the greatest common factor of n and x.
7
Let i = -35 + 5. Let v = -53 - i. Let m = -13 - v. What is the highest common factor of 25 and m?
5
Suppose 3*g - 99 = -3*f, 4*g - 3*g - 5 = 0. Suppose -2*i + 35 = 3*i. What is the highest common divisor of f and i?
7
Let k(s) = -2 + 2 + 3*s - 1. Let q be k(1). Suppose 5*o = 2*a + 115 + 161, -5*a = -q*o + 102. Calculate the highest common divisor of 7 and o.
7
Suppose 26 = 3*f + 5*l, -4*f - 5*l + 2 + 26 = 0. Suppose 45 = f*d + 5*h, 0 = -d - h - 4*h + 35. Calculate the greatest common divisor of d and 5.
5
Let s be (9/(-6))/(2/(-88)). Calculate the greatest common factor of s and 33.
33
Let v = 6 - 2. Let h = 5 - 5. Suppose -a = -h*a - 44. What is the greatest common factor of a and v?
4
Let n(a) = a + 1. Let q be n(4). Let t be ((-2)/3)/(4/(-24)). Suppose 120 = t*r - r. Calculate the greatest common divisor of q and r.
5
Let v be (12/(-30))/((-1)/(-30)). Let a be 6/(4*(-2)/v). Calculate the highest common divisor of 63 and a.
9
Let m = -30 - -85. Let b = -22 + m. Suppose 5*a - 3*w - 71 - 36 = 0, -4*w + 4 = 0. What is the highest common factor of a and b?
11
Let y(w) be the first derivative of -w**4/4 + 2*w**3/3 + 2*w**2 + w + 1. Let a be y(-3). Let m = 35 + -18. Calculate the greatest common divisor of m and a.
17
Suppose -308 - 92 = -5*h. Let r(b) = 4*b - 14. Let k be r(6). Calculate the greatest common divisor of h and k.
10
Suppose -2*n + 5*s = -188, -5*s = -10 - 10. Let z = -59 + n. Suppose -b + 1 = 0, 2*o - b = 4*o - 19. Calculate the greatest common divisor of o and z.
9
Let z be -1 + (-2)/(-1) + 6. Let a(n) = -n**3 - 8*n - 9. Let j be a(-7). Let t be j/14 - 4/(-28). What is the greatest common divisor of t and z?
7
Let r be (1 + 4)*18/15. Let v(l) = -l**2 - 18*l + 1. Let i be v(-13). What is the highest common factor of r and i?
6
Suppose 0 = -m + 3*u - 8*u + 55, 3*m - 129 = -3*u. What is the greatest common factor of m and 5?
5
Let f = -9 - -10. Suppose 3*z + 5*o = -2 + 5, 5*o + f = z. Calculate the highest common factor of 1 and z.
1
Suppose -3*a - 15 = -0*a. Let u(j) = -j**2 - 7*j - 4. Let c be u(a). What is the highest common factor of c and 3?
3
Let g(p) = 71*p + 3. Let i be g(-2). Let h be 1/4 + i/(-4). Let l be (7/4 - -3) + 3/12. What is the greatest common factor of h and l?
5
Suppose 0 = 4*o - 2*y + 46, 10 = -3*o - 4*y + 3. Let u be (3 - o) + 0/3. Calculate the highest common factor of u and 60.
12
Let s = 113 - -22. What is the highest common factor of 54 and s?
27
Suppose -3*j + 5*j = 24. What is the greatest common factor of 30 and j?
6
Let t = 141 + -77. What is the highest common factor of t and 32?
32
Suppose -i + p + 23 = -0*p, 11 = 2*i + 5*p. Let z = 137 + -92. Calculate the greatest common divisor of z and i.
9
Let q = 83 - 80. Calculate the highest common factor of q and 21.
3
Suppose -2*o = o - 51. Calculate the greatest common divisor of o and 34.
17
Let l be 25/(-20) - (-50)/8. What is the highest common factor of 35 and l?
5
Suppose -c + 1010 = 4*c. Suppose -r + 4*f = -86, -r - 2*f = 2*r - c. What is the greatest common divisor of 28 and r?
14
Suppose 2*m - 3 - 15 = 2*b, 3*b - 6 = 0. Suppose -5 = -4*s + m. Suppose -4 = 2*o - s*o. Calculate the highest common factor of o and 10.
2
Let u be -1 + ((-220)/(-14) - (-14)/49). Calculate the greatest common divisor of 15 and u.
15
Suppose 5*a - 388 = -3*q, 5*a + 4*q = -0*a + 384. What is the greatest common divisor of 10 and a?
10
Let o = 737 + -437. Suppose 0*h = 4*h - o. Calculate the greatest common factor of h and 30.
15
Suppose 58 = 10*w - 282. What is the greatest common divisor of w and 119?
17
Let z be (2 - 0)/((-6)/9) - -21. What is the highest common factor of z and 12?
6
Suppose -2 = -2*p - 4, 4*b = -4*p + 496. What is the highest common factor of 25 and b?
25
Let q(u) = -u**3 + u**2 - u + 4. Let a be q(0). Suppose a*i = -b + 93, 5*i + 3*b = -2*b + 105. What is the greatest common divisor of 12 and i?
12
Let o = 99 + -51. Calculate the highest common factor of 16 and o.
16
Suppose -15 + 3 = -3*a. Let t be (8/3)/((-3)/(-45)). Calculate the greatest common factor of a and t.
4
Suppose -19 = -4*r - 5*j, 0 = r - 6*r - 4*j + 35. Calculate the greatest common factor of 1 and r.
1
Let m be 2/(-2) - 0 - -11. Let i(z) = -28*z - 4. Let g be i(-3). Calculate the greatest common factor of m and g.
10
Let r(k) = k**2 - k + 21. Let x be r(0). Calculate the highest common factor of 231 and x.
21
Suppose -3*j - 16 = -5*r, -6 = 3*r + j - 24. Let v(u) = -4*u + u**3 + 0*u**2 - 4*u**2 + 4 - 8. Let x be v(r). What is the greatest common factor of x and 7?
1
Let y(r) = 53*r**2 - 2*r + 3. Let f be y(1). Calculate the highest common factor of 72 and f.
18
Let q = 7 + -13. Let u be (14/3)/(q/(-9)). Let l = u + -4. Calculate the highest common factor of 27 and l.
3
Suppose 281 = j + l + 3*l, -3*l - 281 = -j. Suppose -3*m - 66 + j = u, -4*u + 356 = 5*m. What is the greatest common divisor of m and 9?
9
Let u = 112 + -86. Calculate the greatest common factor of 13 and u.
13
Suppose n = -n + 74. Let w = n + 51. What is the highest common divisor of w and 11?
11
Suppose -2*l + 206 = -2*k + 4*k, 3*l = k + 297. Suppose -3*m - l = m. Let w = m - -41. What is the highest common divisor of 8 and w?
8
Let p(f) = f + 6. Let k be p(-6). Let s(y) = y**3 + y**2 - y + 12. Let b be s(k). What is the greatest common divisor of b and 36?
12
Let g be (-2)/(-5) + (-17)/5. Let a be g/5 - 4/10. Let c be 3*(-2 - a)*-3. What is the greatest common divisor of 18 and c?
9
Let r be 74/6 + 2/3. Let j be (238/(-8))/((-3)/12). Suppose 3*o = -w + 39, 4*w + 2*o - j = 37. Calculate the greatest common factor of r and w.
13
Let k(x) = 16*x - 44. Let u be k(3). What is the greatest common divisor of 2 and u?
2
Suppose 0*z - z = -99. Suppose 4*a + 2 = -5*u, 3*u - 3*a = 15 - 0. Suppose -35 = -3*r - u. Calculate the greatest common factor of r and z.
11
Suppose 0 = 5*l - 4*o - 458, 5*l - l - 382 = -2*o. Calculate the highest common factor of l and 235.
47
Suppose -r = 26 - 82. What is the highest common factor of r and 84?
28
Let y(g) = g**3 + 15*g**2 - 18*g - 11. Let m be y(-16). Calculate the greatest common divisor of m and 231.
21
Suppose z - 3 - 6 = 0. Suppose 0 = 5*h - 10, 0 = 3*d + h + 1 - z. Let i be (-29)/(-3) + (-2)/(-6). Calculate the greatest common divisor of i and d.
2
Let f = 13 - 1. What is the greatest common factor of 48 and f?
12
Suppose -441 = -5*a - 3*n, 4*a - 46